[INFO] cloning repository https://github.com/niba1122/rust_app
[INFO] running `Command { std: "git" "-c" "credential.helper=" "-c" "credential.helper=/workspace/cargo-home/bin/git-credential-null" "clone" "--bare" "https://github.com/niba1122/rust_app" "/workspace/cache/git-repos/https%3A%2F%2Fgithub.com%2Fniba1122%2Frust_app", kill_on_drop: false }`
[INFO] [stderr] Cloning into bare repository '/workspace/cache/git-repos/https%3A%2F%2Fgithub.com%2Fniba1122%2Frust_app'...
[INFO] running `Command { std: "git" "rev-parse" "HEAD", kill_on_drop: false }`
[INFO] [stdout] 9cbace08c3e94bd6504b4d27afb6f8a70794a3bc
[INFO] checking niba1122/rust_app against try#72f88fc4e9458f89516a0b8b0868f3718aec5b47 for pr-74989
[INFO] running `Command { std: "git" "clone" "/workspace/cache/git-repos/https%3A%2F%2Fgithub.com%2Fniba1122%2Frust_app" "/workspace/builds/worker-1/source", kill_on_drop: false }`
[INFO] [stderr] Cloning into '/workspace/builds/worker-1/source'...
[INFO] [stderr] done.
[INFO] validating manifest of git repo https://github.com/niba1122/rust_app on toolchain 72f88fc4e9458f89516a0b8b0868f3718aec5b47
[INFO] running `Command { std: "/workspace/cargo-home/bin/cargo" "+72f88fc4e9458f89516a0b8b0868f3718aec5b47" "read-manifest" "--manifest-path" "Cargo.toml", kill_on_drop: false }`
[INFO] started tweaking git repo https://github.com/niba1122/rust_app
[INFO] removed path dependency yew from git repo https://github.com/niba1122/rust_app
[INFO] finished tweaking git repo https://github.com/niba1122/rust_app
[INFO] tweaked toml for git repo https://github.com/niba1122/rust_app written to /workspace/builds/worker-1/source/Cargo.toml
[INFO] crate git repo https://github.com/niba1122/rust_app already has a lockfile, it will not be regenerated
[INFO] running `Command { std: "/workspace/cargo-home/bin/cargo" "+72f88fc4e9458f89516a0b8b0868f3718aec5b47" "fetch" "--locked" "--manifest-path" "Cargo.toml", kill_on_drop: false }`
[INFO] [stderr] warning: dependency (yew) specified without providing a local path, Git repository, or version to use. This will be considered an error in future versions
[INFO] [stderr]     Updating crates.io index
[INFO] [stderr] error: the lock file /workspace/builds/worker-1/source/Cargo.lock needs to be updated but --locked was passed to prevent this
[INFO] [stderr] If you want to try to generate the lock file without accessing the network, use the --offline flag.
[INFO] the lockfile is outdated, regenerating it
[INFO] running `Command { std: "/workspace/cargo-home/bin/cargo" "+72f88fc4e9458f89516a0b8b0868f3718aec5b47" "generate-lockfile" "--manifest-path" "Cargo.toml" "-Zno-index-update", kill_on_drop: false }`
[INFO] running `Command { std: "/workspace/cargo-home/bin/cargo" "+72f88fc4e9458f89516a0b8b0868f3718aec5b47" "fetch" "--locked" "--manifest-path" "Cargo.toml", kill_on_drop: false }`
[INFO] [stderr] warning: dependency (yew) specified without providing a local path, Git repository, or version to use. This will be considered an error in future versions
[INFO] [stderr]  Downloading crates ...
[INFO] [stderr]   Downloaded yew-macro v0.17.0
[INFO] [stderr]   Downloaded yew v0.17.3
[INFO] running `Command { std: "docker" "create" "-v" "/var/lib/crater-agent-workspace/builds/worker-1/target:/opt/rustwide/target:rw,Z" "-v" "/var/lib/crater-agent-workspace/builds/worker-1/source:/opt/rustwide/workdir:ro,Z" "-v" "/var/lib/crater-agent-workspace/cargo-home:/opt/rustwide/cargo-home:ro,Z" "-v" "/var/lib/crater-agent-workspace/rustup-home:/opt/rustwide/rustup-home:ro,Z" "-e" "SOURCE_DIR=/opt/rustwide/workdir" "-e" "CARGO_TARGET_DIR=/opt/rustwide/target" "-e" "CARGO_HOME=/opt/rustwide/cargo-home" "-e" "RUSTUP_HOME=/opt/rustwide/rustup-home" "-w" "/opt/rustwide/workdir" "-m" "1610612736" "--user" "0:0" "--network" "none" "rustops/crates-build-env@sha256:d92eaeed33fa75130ca1ee6c8a01d1ffb62bac859dfdfb3450e3e5d1c0146529" "/opt/rustwide/cargo-home/bin/cargo" "+72f88fc4e9458f89516a0b8b0868f3718aec5b47" "metadata" "--no-deps" "--format-version=1", kill_on_drop: false }`
[INFO] [stderr] WARNING: Your kernel does not support swap limit capabilities or the cgroup is not mounted. Memory limited without swap.
[INFO] [stdout] 5a3a6f65f79a6e8a0e0f4808a828a900faac27ac5bbbcced600a0874a2db751d
[INFO] running `Command { std: "docker" "start" "-a" "5a3a6f65f79a6e8a0e0f4808a828a900faac27ac5bbbcced600a0874a2db751d", kill_on_drop: false }`
[INFO] running `Command { std: "docker" "inspect" "5a3a6f65f79a6e8a0e0f4808a828a900faac27ac5bbbcced600a0874a2db751d", kill_on_drop: false }`
[INFO] running `Command { std: "docker" "rm" "-f" "5a3a6f65f79a6e8a0e0f4808a828a900faac27ac5bbbcced600a0874a2db751d", kill_on_drop: false }`
[INFO] [stdout] 5a3a6f65f79a6e8a0e0f4808a828a900faac27ac5bbbcced600a0874a2db751d
[INFO] running `Command { std: "docker" "create" "-v" "/var/lib/crater-agent-workspace/builds/worker-1/target:/opt/rustwide/target:rw,Z" "-v" "/var/lib/crater-agent-workspace/builds/worker-1/source:/opt/rustwide/workdir:ro,Z" "-v" "/var/lib/crater-agent-workspace/cargo-home:/opt/rustwide/cargo-home:ro,Z" "-v" "/var/lib/crater-agent-workspace/rustup-home:/opt/rustwide/rustup-home:ro,Z" "-e" "SOURCE_DIR=/opt/rustwide/workdir" "-e" "CARGO_TARGET_DIR=/opt/rustwide/target" "-e" "CARGO_INCREMENTAL=0" "-e" "RUST_BACKTRACE=full" "-e" "RUSTFLAGS=--cap-lints=forbid" "-e" "CARGO_HOME=/opt/rustwide/cargo-home" "-e" "RUSTUP_HOME=/opt/rustwide/rustup-home" "-w" "/opt/rustwide/workdir" "-m" "1610612736" "--user" "0:0" "--network" "none" "rustops/crates-build-env@sha256:d92eaeed33fa75130ca1ee6c8a01d1ffb62bac859dfdfb3450e3e5d1c0146529" "/opt/rustwide/cargo-home/bin/cargo" "+72f88fc4e9458f89516a0b8b0868f3718aec5b47" "check" "--frozen" "--all" "--all-targets" "--message-format=json", kill_on_drop: false }`
[INFO] [stdout] 9ce6a0c787b887d51ba2545ec9edfa2c96d3d31367295bffde865a25d4054923
[INFO] [stderr] WARNING: Your kernel does not support swap limit capabilities or the cgroup is not mounted. Memory limited without swap.
[INFO] running `Command { std: "docker" "start" "-a" "9ce6a0c787b887d51ba2545ec9edfa2c96d3d31367295bffde865a25d4054923", kill_on_drop: false }`
[INFO] [stderr] warning: dependency (yew) specified without providing a local path, Git repository, or version to use. This will be considered an error in future versions
[INFO] [stderr]    Compiling proc-macro2 v1.0.21
[INFO] [stderr]    Compiling syn v1.0.41
[INFO] [stderr]    Compiling wasm-bindgen-shared v0.2.68
[INFO] [stderr]    Compiling lazy_static v1.4.0
[INFO] [stderr]    Compiling cfg-if v0.1.10
[INFO] [stderr]    Compiling bumpalo v3.4.0
[INFO] [stderr]    Compiling wasm-bindgen v0.2.68
[INFO] [stderr]    Compiling serde_derive v1.0.116
[INFO] [stderr]    Compiling serde v1.0.116
[INFO] [stderr]    Compiling memchr v2.3.3
[INFO] [stderr]    Compiling semver-parser v0.7.0
[INFO] [stderr]     Checking futures-sink v0.3.5
[INFO] [stderr]     Checking futures-core v0.3.5
[INFO] [stderr]    Compiling libc v0.2.77
[INFO] [stderr]    Compiling itoa v0.4.6
[INFO] [stderr]    Compiling anyhow v1.0.32
[INFO] [stderr]    Compiling stdweb-internal-runtime v0.1.5
[INFO] [stderr]    Compiling boolinator v2.4.0
[INFO] [stderr]    Compiling yew v0.17.3
[INFO] [stderr]    Compiling sha1 v0.6.0
[INFO] [stderr]     Checking hashbrown v0.9.0
[INFO] [stderr]    Compiling base-x v0.2.6
[INFO] [stderr]     Checking discard v1.0.4
[INFO] [stderr]     Checking anymap v0.12.1
[INFO] [stderr]     Checking cfg-match v0.2.1
[INFO] [stderr]    Compiling miniz_oxide v0.4.2
[INFO] [stderr]    Compiling indexmap v1.6.0
[INFO] [stderr]     Checking futures-channel v0.3.5
[INFO] [stderr]    Compiling semver v0.9.0
[INFO] [stderr]    Compiling log v0.4.11
[INFO] [stderr]    Compiling ryu v1.0.5
[INFO] [stderr]    Compiling rustc_version v0.2.3
[INFO] [stderr]    Compiling quote v1.0.7
[INFO] [stderr]    Compiling stdweb v0.4.20
[INFO] [stderr]     Checking backtrace v0.3.50
[INFO] [stderr]    Compiling wasm-bindgen-backend v0.2.68
[INFO] [stderr]    Compiling synstructure v0.12.4
[INFO] [stderr]    Compiling wasm-bindgen-macro-support v0.2.68
[INFO] [stderr]    Compiling pin-project-internal v0.4.23
[INFO] [stderr]    Compiling futures-macro v0.3.5
[INFO] [stderr]    Compiling thiserror-impl v1.0.20
[INFO] [stderr]    Compiling failure_derive v0.1.8
[INFO] [stderr]    Compiling yew-macro v0.17.0
[INFO] [stderr]    Compiling wasm-bindgen-macro v0.2.68
[INFO] [stderr]     Checking failure v0.1.8
[INFO] [stderr]     Checking thiserror v1.0.20
[INFO] [stderr]     Checking js-sys v0.3.45
[INFO] [stderr]     Checking console_error_panic_hook v0.1.6
[INFO] [stderr]     Checking pin-project v0.4.23
[INFO] [stderr]     Checking futures-util v0.3.5
[INFO] [stderr]     Checking web-sys v0.3.45
[INFO] [stderr]     Checking wasm-bindgen-futures v0.4.18
[INFO] [stderr]     Checking futures-executor v0.3.5
[INFO] [stderr]     Checking futures v0.3.5
[INFO] [stderr]     Checking serde_json v1.0.57
[INFO] [stderr]     Checking bincode v1.3.1
[INFO] [stderr]    Compiling stdweb-derive v0.5.3
[INFO] [stderr]    Compiling stdweb-internal-macros v0.2.9
[INFO] [stderr]     Checking gloo-events v0.1.1
[INFO] [stderr]     Checking gloo-timers v0.2.1
[INFO] [stderr]     Checking gloo-console-timer v0.1.0
[INFO] [stderr]     Checking gloo-file v0.1.0
[INFO] [stderr]     Checking gloo v0.2.1
[INFO] [stderr]     Checking rust_app v0.1.0 (/opt/rustwide/workdir)
[INFO] [stdout] error[E0407]: method `view` is not a member of trait `Renderable`
[INFO] [stdout]   --> src/card.rs:48:5
[INFO] [stdout]    |
[INFO] [stdout] 48 | /     fn view(&self) -> Html<CTX, Card> {
[INFO] [stdout] 49 | |         html! {
[INFO] [stdout] 50 | |             <div>
[INFO] [stdout] 51 | |                 <a href=self.link_url.clone(), target="_blank", >
[INFO] [stdout] ...  |
[INFO] [stdout] 56 | |         }
[INFO] [stdout] 57 | |     }
[INFO] [stdout]    | |_____^ not a member of trait `Renderable`
[INFO] [stdout] 
[INFO] [stdout] 
[INFO] [stdout] error[E0407]: method `view` is not a member of trait `Renderable`
[INFO] [stdout]    --> src/lib.rs:98:5
[INFO] [stdout]     |
[INFO] [stdout] 98  | /     fn view(&self) -> Html<CTX, Self> {
[INFO] [stdout] 99  | |         html! {
[INFO] [stdout] 100 | |             <div>
[INFO] [stdout] 101 | |                 <p>{ "GitHub Account Searcher" }</p>
[INFO] [stdout] ...   |
[INFO] [stdout] 110 | |         }
[INFO] [stdout] 111 | |     }
[INFO] [stdout]     | |_____^ not a member of trait `Renderable`
[INFO] [stdout] 
[INFO] [stdout] 
[INFO] [stdout] error[E0412]: cannot find type `Env` in this scope
[INFO] [stdout]   --> src/card.rs:24:51
[INFO] [stdout]    |
[INFO] [stdout] 24 |     fn create(props: Self::Properties, _env: &mut Env<'_, CTX, Self>) -> Self {
[INFO] [stdout]    |                                                   ^^^ not found in this scope
[INFO] [stdout] 
[INFO] [stdout] 
[INFO] [stdout] error[E0412]: cannot find type `Env` in this scope
[INFO] [stdout]   --> src/card.rs:32:56
[INFO] [stdout]    |
[INFO] [stdout] 32 |     fn update(&mut self, msg: Self::Message, env: &mut Env<CTX, Self>) -> ShouldRender {
[INFO] [stdout]    |                                                        ^^^ not found in this scope
[INFO] [stdout] 
[INFO] [stdout] 
[INFO] [stdout] error[E0412]: cannot find type `Env` in this scope
[INFO] [stdout]   --> src/card.rs:36:59
[INFO] [stdout]    |
[INFO] [stdout] 36 |     fn change(&mut self, props: Self::Properties, _: &mut Env<CTX, Self>) -> ShouldRender {
[INFO] [stdout]    |                                                           ^^^ not found in this scope
[INFO] [stdout] 
[INFO] [stdout] 
[INFO] [stdout] error[E0412]: cannot find type `Env` in this scope
[INFO] [stdout]   --> src/lib.rs:56:44
[INFO] [stdout]    |
[INFO] [stdout] 56 |     fn create(_: Self::Properties, _: &mut Env<CTX, Self>) -> Self {
[INFO] [stdout]    |                                            ^^^ not found in this scope
[INFO] [stdout] 
[INFO] [stdout] 
[INFO] [stdout] error[E0412]: cannot find type `Env` in this scope
[INFO] [stdout]   --> src/lib.rs:65:56
[INFO] [stdout]    |
[INFO] [stdout] 65 |     fn update(&mut self, msg: Self::Message, env: &mut Env<CTX, Self>) -> ShouldRender {
[INFO] [stdout]    |                                                        ^^^ not found in this scope
[INFO] [stdout] 
[INFO] [stdout] 
[INFO] [stdout] warning: unused `#[macro_use]` import
[INFO] [stdout]  --> src/lib.rs:5:1
[INFO] [stdout]   |
[INFO] [stdout] 5 | #[macro_use]
[INFO] [stdout]   | ^^^^^^^^^^^^
[INFO] [stdout]   |
[INFO] [stdout]   = note: `#[warn(unused_imports)]` on by default
[INFO] [stdout] 
[INFO] [stdout] 
[INFO] [stdout] error[E0107]: wrong number of type arguments: expected 0, found 1
[INFO] [stdout]   --> src/lib.rs:49:21
[INFO] [stdout]    |
[INFO] [stdout] 49 | impl<CTX> Component<CTX> for Model
[INFO] [stdout]    |                     ^^^ unexpected type argument
[INFO] [stdout] 
[INFO] [stdout] 
[INFO] [stdout] error[E0107]: wrong number of type arguments: expected 0, found 2
[INFO] [stdout]   --> src/lib.rs:94:22
[INFO] [stdout]    |
[INFO] [stdout] 94 | impl<CTX> Renderable<CTX, Model> for Model
[INFO] [stdout]    |                      ^^^  ^^^^^ unexpected type argument
[INFO] [stdout]    |                      |
[INFO] [stdout]    |                      unexpected type argument
[INFO] [stdout] 
[INFO] [stdout] 
[INFO] [stdout] error[E0107]: wrong number of type arguments: expected 0, found 1
[INFO] [stdout]   --> src/card.rs:18:21
[INFO] [stdout]    |
[INFO] [stdout] 18 | impl<CTX> Component<CTX> for Card
[INFO] [stdout]    |                     ^^^ unexpected type argument
[INFO] [stdout] 
[INFO] [stdout] 
[INFO] [stdout] error[E0107]: wrong number of type arguments: expected 0, found 2
[INFO] [stdout]   --> src/card.rs:44:22
[INFO] [stdout]    |
[INFO] [stdout] 44 | impl<CTX> Renderable<CTX, Card> for Card
[INFO] [stdout]    |                      ^^^  ^^^^ unexpected type argument
[INFO] [stdout]    |                      |
[INFO] [stdout]    |                      unexpected type argument
[INFO] [stdout] 
[INFO] [stdout] 
[INFO] [stdout] error[E0407]: method `view` is not a member of trait `Renderable`
[INFO] [stdout]   --> src/card.rs:48:5
[INFO] [stdout]    |
[INFO] [stdout] 48 | /     fn view(&self) -> Html<CTX, Card> {
[INFO] [stdout] 49 | |         html! {
[INFO] [stdout] 50 | |             <div>
[INFO] [stdout] 51 | |                 <a href=self.link_url.clone(), target="_blank", >
[INFO] [stdout] ...  |
[INFO] [stdout] 56 | |         }
[INFO] [stdout] 57 | |     }
[INFO] [stdout]    | |_____^ not a member of trait `Renderable`
[INFO] [stdout] 
[INFO] [stdout] 
[INFO] [stdout] error[E0107]: wrong number of type arguments: expected 0, found 2
[INFO] [stdout]   --> src/lib.rs:98:28
[INFO] [stdout]    |
[INFO] [stdout] 98 |     fn view(&self) -> Html<CTX, Self> {
[INFO] [stdout]    |                            ^^^  ^^^^ unexpected type argument
[INFO] [stdout]    |                            |
[INFO] [stdout]    |                            unexpected type argument
[INFO] [stdout] 
[INFO] [stdout] 
[INFO] [stdout] error[E0107]: wrong number of type arguments: expected 0, found 2
[INFO] [stdout]    --> src/lib.rs:115:57
[INFO] [stdout]     |
[INFO] [stdout] 115 |     fn person_view<CTX>(&self, person: &Person) -> Html<CTX, Model>
[INFO] [stdout]     |                                                         ^^^  ^^^^^ unexpected type argument
[INFO] [stdout]     |                                                         |
[INFO] [stdout]     |                                                         unexpected type argument
[INFO] [stdout] 
[INFO] [stdout] 
[INFO] [stdout] error[E0107]: wrong number of type arguments: expected 0, found 2
[INFO] [stdout]   --> src/card.rs:48:28
[INFO] [stdout]    |
[INFO] [stdout] 48 |     fn view(&self) -> Html<CTX, Card> {
[INFO] [stdout]    |                            ^^^  ^^^^ unexpected type argument
[INFO] [stdout]    |                            |
[INFO] [stdout]    |                            unexpected type argument
[INFO] [stdout] 
[INFO] [stdout] 
[INFO] [stdout] error: aborting due to 14 previous errors; 1 warning emitted
[INFO] [stdout] 
[INFO] [stdout] 
[INFO] [stdout] Some errors have detailed explanations: E0107, E0407, E0412.
[INFO] [stdout] 
[INFO] [stdout] For more information about an error, try `rustc --explain E0107`.
[INFO] [stdout] 
[INFO] [stdout] error[E0407]: method `view` is not a member of trait `Renderable`
[INFO] [stdout]    --> src/lib.rs:98:5
[INFO] [stdout]     |
[INFO] [stdout] 98  | /     fn view(&self) -> Html<CTX, Self> {
[INFO] [stdout] 99  | |         html! {
[INFO] [stdout] 100 | |             <div>
[INFO] [stdout] 101 | |                 <p>{ "GitHub Account Searcher" }</p>
[INFO] [stdout] ...   |
[INFO] [stdout] 110 | |         }
[INFO] [stdout] 111 | |     }
[INFO] [stdout]     | |_____^ not a member of trait `Renderable`
[INFO] [stdout] 
[INFO] [stdout] 
[INFO] [stderr] error: could not compile `rust_app`.
[INFO] [stderr] 
[INFO] [stderr] To learn more, run the command again with --verbose.
[INFO] [stderr] warning: build failed, waiting for other jobs to finish...
[INFO] [stdout] error[E0412]: cannot find type `Env` in this scope
[INFO] [stdout]   --> src/card.rs:24:51
[INFO] [stdout]    |
[INFO] [stdout] 24 |     fn create(props: Self::Properties, _env: &mut Env<'_, CTX, Self>) -> Self {
[INFO] [stdout]    |                                                   ^^^ not found in this scope
[INFO] [stdout] 
[INFO] [stdout] 
[INFO] [stdout] error[E0412]: cannot find type `Env` in this scope
[INFO] [stdout]   --> src/card.rs:32:56
[INFO] [stdout]    |
[INFO] [stdout] 32 |     fn update(&mut self, msg: Self::Message, env: &mut Env<CTX, Self>) -> ShouldRender {
[INFO] [stdout]    |                                                        ^^^ not found in this scope
[INFO] [stdout] 
[INFO] [stdout] 
[INFO] [stdout] error[E0412]: cannot find type `Env` in this scope
[INFO] [stdout]   --> src/card.rs:36:59
[INFO] [stdout]    |
[INFO] [stdout] 36 |     fn change(&mut self, props: Self::Properties, _: &mut Env<CTX, Self>) -> ShouldRender {
[INFO] [stdout]    |                                                           ^^^ not found in this scope
[INFO] [stdout] 
[INFO] [stdout] 
[INFO] [stdout] error[E0412]: cannot find type `Env` in this scope
[INFO] [stdout]   --> src/lib.rs:56:44
[INFO] [stdout]    |
[INFO] [stdout] 56 |     fn create(_: Self::Properties, _: &mut Env<CTX, Self>) -> Self {
[INFO] [stdout]    |                                            ^^^ not found in this scope
[INFO] [stdout] 
[INFO] [stdout] 
[INFO] [stdout] error[E0412]: cannot find type `Env` in this scope
[INFO] [stdout]   --> src/lib.rs:65:56
[INFO] [stdout]    |
[INFO] [stdout] 65 |     fn update(&mut self, msg: Self::Message, env: &mut Env<CTX, Self>) -> ShouldRender {
[INFO] [stdout]    |                                                        ^^^ not found in this scope
[INFO] [stdout] 
[INFO] [stdout] 
[INFO] [stdout] warning: unused `#[macro_use]` import
[INFO] [stdout]  --> src/lib.rs:5:1
[INFO] [stdout]   |
[INFO] [stdout] 5 | #[macro_use]
[INFO] [stdout]   | ^^^^^^^^^^^^
[INFO] [stdout]   |
[INFO] [stdout]   = note: `#[warn(unused_imports)]` on by default
[INFO] [stdout] 
[INFO] [stdout] 
[INFO] [stdout] error[E0107]: wrong number of type arguments: expected 0, found 1
[INFO] [stdout]   --> src/lib.rs:49:21
[INFO] [stdout]    |
[INFO] [stdout] 49 | impl<CTX> Component<CTX> for Model
[INFO] [stdout]    |                     ^^^ unexpected type argument
[INFO] [stdout] 
[INFO] [stdout] 
[INFO] [stdout] error[E0107]: wrong number of type arguments: expected 0, found 2
[INFO] [stdout]   --> src/lib.rs:94:22
[INFO] [stdout]    |
[INFO] [stdout] 94 | impl<CTX> Renderable<CTX, Model> for Model
[INFO] [stdout]    |                      ^^^  ^^^^^ unexpected type argument
[INFO] [stdout]    |                      |
[INFO] [stdout]    |                      unexpected type argument
[INFO] [stdout] 
[INFO] [stdout] 
[INFO] [stdout] error[E0107]: wrong number of type arguments: expected 0, found 1
[INFO] [stdout]   --> src/card.rs:18:21
[INFO] [stdout]    |
[INFO] [stdout] 18 | impl<CTX> Component<CTX> for Card
[INFO] [stdout]    |                     ^^^ unexpected type argument
[INFO] [stdout] 
[INFO] [stdout] 
[INFO] [stdout] error[E0107]: wrong number of type arguments: expected 0, found 2
[INFO] [stdout]   --> src/card.rs:44:22
[INFO] [stdout]    |
[INFO] [stdout] 44 | impl<CTX> Renderable<CTX, Card> for Card
[INFO] [stdout]    |                      ^^^  ^^^^ unexpected type argument
[INFO] [stdout]    |                      |
[INFO] [stdout]    |                      unexpected type argument
[INFO] [stdout] 
[INFO] [stdout] 
[INFO] [stdout] error[E0107]: wrong number of type arguments: expected 0, found 2
[INFO] [stdout]   --> src/lib.rs:98:28
[INFO] [stdout]    |
[INFO] [stdout] 98 |     fn view(&self) -> Html<CTX, Self> {
[INFO] [stdout]    |                            ^^^  ^^^^ unexpected type argument
[INFO] [stdout]    |                            |
[INFO] [stdout]    |                            unexpected type argument
[INFO] [stdout] 
[INFO] [stdout] 
[INFO] [stdout] error[E0107]: wrong number of type arguments: expected 0, found 2
[INFO] [stdout]    --> src/lib.rs:115:57
[INFO] [stdout]     |
[INFO] [stdout] 115 |     fn person_view<CTX>(&self, person: &Person) -> Html<CTX, Model>
[INFO] [stdout]     |                                                         ^^^  ^^^^^ unexpected type argument
[INFO] [stdout]     |                                                         |
[INFO] [stdout]     |                                                         unexpected type argument
[INFO] [stdout] 
[INFO] [stdout] 
[INFO] [stdout] error[E0107]: wrong number of type arguments: expected 0, found 2
[INFO] [stdout]   --> src/card.rs:48:28
[INFO] [stdout]    |
[INFO] [stdout] 48 |     fn view(&self) -> Html<CTX, Card> {
[INFO] [stdout]    |                            ^^^  ^^^^ unexpected type argument
[INFO] [stdout]    |                            |
[INFO] [stdout]    |                            unexpected type argument
[INFO] [stdout] 
[INFO] [stdout] 
[INFO] [stdout] error: aborting due to 14 previous errors; 1 warning emitted
[INFO] [stdout] 
[INFO] [stdout] 
[INFO] [stdout] Some errors have detailed explanations: E0107, E0407, E0412.
[INFO] [stdout] 
[INFO] [stdout] For more information about an error, try `rustc --explain E0107`.
[INFO] [stdout] 
[INFO] [stderr] error: build failed
[INFO] running `Command { std: "docker" "inspect" "9ce6a0c787b887d51ba2545ec9edfa2c96d3d31367295bffde865a25d4054923", kill_on_drop: false }`
[INFO] running `Command { std: "docker" "rm" "-f" "9ce6a0c787b887d51ba2545ec9edfa2c96d3d31367295bffde865a25d4054923", kill_on_drop: false }`
[INFO] [stdout] 9ce6a0c787b887d51ba2545ec9edfa2c96d3d31367295bffde865a25d4054923
